{"id":300,"date":"2015-08-22T23:20:30","date_gmt":"2015-08-22T23:20:30","guid":{"rendered":"http:\/\/www.niktoris.es\/?page_id=300"},"modified":"2023-10-28T23:48:41","modified_gmt":"2023-10-28T21:48:41","slug":"evolucion-de-los-seres-vivos","status":"publish","type":"page","link":"https:\/\/niktoris.es\/?page_id=300","title":{"rendered":"Evoluci\u00f3n de los seres vivos"},"content":{"rendered":"<h2><span style=\"text-decoration: underline;\"><strong>EVOLUCI\u00d3N DE LOS SERES VIVOS<\/strong><\/span><\/h2>\n<h4 style=\"text-align: center;\">3.700 Ma\u00a0ESTROMATOLITOS<\/h4>\n<p><a href=\"http:\/\/www.niktoris.es\/wp-content\/uploads\/2015\/07\/Estromatolitos-en-Bahia-Shark.jpg\"><img loading=\"lazy\" decoding=\"async\" class=\"aligncenter wp-image-66\" src=\"http:\/\/www.niktoris.es\/wp-content\/uploads\/2015\/07\/Estromatolitos-en-Bahia-Shark.jpg\" alt=\"Estromatolitos-en-Bahia-Shark\" width=\"506\" height=\"384\" \/><\/a><\/p>\n<h4 style=\"text-align: center;\">C\u00c9LULAS PROCARIOTAS<\/h4>\n<p><img loading=\"lazy\" decoding=\"async\" class=\"aligncenter wp-image-147\" src=\"http:\/\/www.niktoris.es\/wp-content\/uploads\/2015\/07\/celulas-unicelulares.jpg\" alt=\"celulas unicelulares\" width=\"504\" height=\"405\" \/><\/p>\n<h4 style=\"text-align: center;\">2.100 Ma F\u00d3SILES DE GUNFLINT<\/h4>\n<p><a href=\"http:\/\/www.niktoris.es\/wp-content\/uploads\/2015\/07\/231323.jpg\"><img loading=\"lazy\" decoding=\"async\" class=\"aligncenter wp-image-236\" src=\"http:\/\/www.niktoris.es\/wp-content\/uploads\/2015\/07\/231323-744x558.jpg\" alt=\"231323\" width=\"503\" height=\"380\" \/><\/a><\/p>\n<h4 style=\"text-align: center;\">1.500 Ma C\u00c9LULAS EUCARIOTAS<\/h4>\n<p><a href=\"http:\/\/www.niktoris.es\/wp-content\/uploads\/2015\/07\/celula-eucariota-vegetal.jpg\"><img loading=\"lazy\" decoding=\"async\" class=\"aligncenter wp-image-253\" src=\"http:\/\/www.niktoris.es\/wp-content\/uploads\/2015\/07\/celula-eucariota-vegetal-744x562.jpg\" alt=\"celula-eucariota-vegetal\" width=\"486\" height=\"370\" \/><\/a><\/p>\n<h4 style=\"text-align: center;\">1.000 Ma ORGANISMOS PLURICELULARES<\/h4>\n<p><a href=\"http:\/\/www.niktoris.es\/wp-content\/uploads\/2015\/07\/protozoos-pluricelulares.jpg\"><img loading=\"lazy\" decoding=\"async\" class=\"aligncenter wp-image-265\" src=\"http:\/\/www.niktoris.es\/wp-content\/uploads\/2015\/07\/protozoos-pluricelulares.jpg\" alt=\"protozoos-pluricelulares\" width=\"419\" height=\"348\" \/><\/a><\/p>\n<h4 style=\"text-align: center;\">570 Ma FAUNA DE EDIACARA<\/h4>\n<p><a href=\"http:\/\/www.niktoris.es\/wp-content\/uploads\/2015\/07\/fauna_ediacara2.jpg\"><img loading=\"lazy\" decoding=\"async\" class=\"aligncenter wp-image-278\" src=\"http:\/\/www.niktoris.es\/wp-content\/uploads\/2015\/07\/fauna_ediacara2.jpg\" alt=\"fauna_ediacara2\" width=\"429\" height=\"545\" \/><\/a><\/p>\n<h4 style=\"text-align: center;\">542 Ma TRILOBITES<\/h4>\n<p><img loading=\"lazy\" decoding=\"async\" class=\"aligncenter\" src=\"http:\/\/www.niktoris.es\/wp-content\/uploads\/2015\/08\/1243562522600_f.jpg\" alt=\"1243562522600_f\" width=\"487\" height=\"366\" \/><\/p>\n<h4 style=\"text-align: center;\">500 Ma PECES<\/h4>\n<p><img loading=\"lazy\" decoding=\"async\" class=\"aligncenter\" src=\"http:\/\/1.bp.blogspot.com\/-AuzMBd73kfo\/T1U6v4O-diI\/AAAAAAAAEO8\/gQ-j1aAu9I4\/s1600\/pikaia_gracilens.jpg\" alt=\"\" width=\"480\" height=\"368\" \/><\/p>\n<h4 style=\"text-align: center;\">423 Ma PLANTAS<\/h4>\n<p><img loading=\"lazy\" decoding=\"async\" class=\"aligncenter\" src=\"https:\/\/upload.wikimedia.org\/wikipedia\/commons\/thumb\/e\/ee\/Cooksonia.png\/200px-Cooksonia.png\" alt=\"\" width=\"337\" height=\"450\" \/><\/p>\n<h4 style=\"text-align: center;\">419 Ma INSECTOS<\/h4>\n<p><img decoding=\"async\" class=\"aligncenter\" src=\"http:\/\/uahost.uantwerpen.be\/collembola\/images\/morpholo\/morph07.gif\" alt=\"\" \/><\/p>\n<h4 style=\"text-align: center;\"><img loading=\"lazy\" decoding=\"async\" class=\"aligncenter\" src=\"https:\/\/upload.wikimedia.org\/wikipedia\/commons\/7\/74\/Insect_collage.png\" alt=\"Insecta - Wikipedia, la enciclopedia libre\" width=\"379\" height=\"369\" \/>382 Ma ANFIBIOS<\/h4>\n<p><img loading=\"lazy\" decoding=\"async\" class=\"aligncenter\" src=\"https:\/\/upload.wikimedia.org\/wikipedia\/commons\/thumb\/5\/51\/Amphibians.png\/800px-Amphibians.png\" alt=\"Amphibia - Wikipedia, la enciclopedia libre\" width=\"535\" height=\"338\" \/><\/p>\n<h4 style=\"text-align: center;\">299 Ma REPTILES<\/h4>\n<p><img loading=\"lazy\" decoding=\"async\" class=\"aligncenter\" src=\"https:\/\/upload.wikimedia.org\/wikipedia\/commons\/2\/2c\/Extant_reptilia.jpg\" alt=\"Reptilia - Wikipedia, la enciclopedia libre\" width=\"537\" height=\"421\" \/><\/p>\n<h4 style=\"text-align: center;\"><span style=\"color: #000000;\">252 Ma TRINAXODON<\/span><\/h4>\n<p><img loading=\"lazy\" decoding=\"async\" class=\"aligncenter\" src=\"http:\/\/bugsandbeasts.com\/PrehistoricAnimals\/i\/Thrinaxodon.jpg\" alt=\"\" width=\"462\" height=\"291\" \/><\/p>\n<h4 style=\"text-align: center;\"><strong><span style=\"color: #000000;\">201 Ma MEGAZOSTRODON<\/span><\/strong><\/h4>\n<p><img loading=\"lazy\" decoding=\"async\" class=\"aligncenter\" src=\"https:\/\/upload.wikimedia.org\/wikipedia\/commons\/c\/c5\/Megazostrodon.jpg\" alt=\"\" width=\"413\" height=\"196\" \/><\/p>\n<h4 style=\"text-align: center;\"><span style=\"color: #000000;\">A partir de\u00a0aqu\u00ed\u00a0los seres vivos se fueron diversificando en\u00a0distintos\u00a0tipos plantas, animales y seres humanos<\/span><\/h4>\n","protected":false},"excerpt":{"rendered":"<p>EVOLUCI\u00d3N DE LOS SERES VIVOS 3.700 Ma\u00a0ESTROMATOLITOS C\u00c9LULAS PROCARIOTAS 2.100 Ma F\u00d3SILES DE GUNFLINT 1.500 Ma C\u00c9LULAS EUCARIOTAS 1.000 Ma ORGANISMOS PLURICELULARES 570 Ma FAUNA DE EDIACARA 542 Ma TRILOBITES 500 Ma PECES 423 Ma PLANTAS 419 Ma INSECTOS 382 Ma ANFIBIOS 299 Ma REPTILES 252 Ma TRINAXODON 201 Ma MEGAZOSTRODON A partir de\u00a0aqu\u00ed\u00a0los seres [&hellip;]<\/p>\n","protected":false},"author":1,"featured_media":0,"parent":0,"menu_order":0,"comment_status":"open","ping_status":"open","template":"","meta":{"footnotes":""},"class_list":["post-300","page","type-page","status-publish","hentry"],"_links":{"self":[{"href":"https:\/\/niktoris.es\/index.php?rest_route=\/wp\/v2\/pages\/300","targetHints":{"allow":["GET"]}}],"collection":[{"href":"https:\/\/niktoris.es\/index.php?rest_route=\/wp\/v2\/pages"}],"about":[{"href":"https:\/\/niktoris.es\/index.php?rest_route=\/wp\/v2\/types\/page"}],"author":[{"embeddable":true,"href":"https:\/\/niktoris.es\/index.php?rest_route=\/wp\/v2\/users\/1"}],"replies":[{"embeddable":true,"href":"https:\/\/niktoris.es\/index.php?rest_route=%2Fwp%2Fv2%2Fcomments&post=300"}],"version-history":[{"count":9,"href":"https:\/\/niktoris.es\/index.php?rest_route=\/wp\/v2\/pages\/300\/revisions"}],"predecessor-version":[{"id":2042,"href":"https:\/\/niktoris.es\/index.php?rest_route=\/wp\/v2\/pages\/300\/revisions\/2042"}],"wp:attachment":[{"href":"https:\/\/niktoris.es\/index.php?rest_route=%2Fwp%2Fv2%2Fmedia&parent=300"}],"curies":[{"name":"wp","href":"https:\/\/api.w.org\/{rel}","templated":true}]}}